{"id":2249,"date":"2023-08-14T20:06:25","date_gmt":"2023-08-14T20:06:25","guid":{"rendered":"https:\/\/www.colba.it\/?page_id=2249"},"modified":"2023-08-14T20:30:49","modified_gmt":"2023-08-14T20:30:49","slug":"funzionalita-cookies","status":"publish","type":"page","link":"https:\/\/www.colba.it\/index.php\/funzionalita-cookies\/","title":{"rendered":"funzionalit\u00e0 cookies"},"content":{"rendered":"<p>[et_pb_section fb_built=&#8221;1&#8243; disabled_on=&#8221;off|off|off&#8221; admin_label=&#8221;Section Desktop&#8221; _builder_version=&#8221;4.21.0&#8243; _module_preset=&#8221;default&#8221; custom_margin=&#8221;0px|0px|0px|0px|false|false&#8221; custom_padding=&#8221;0px|0px|0px|0px|false|false&#8221; global_colors_info=&#8221;{}&#8221;][et_pb_row column_structure=&#8221;1_5,3_5,1_5&#8243; use_custom_gutter=&#8221;on&#8221; gutter_width=&#8221;1&#8243; admin_label=&#8221;Blocco testo 1&#8243; _builder_version=&#8221;4.21.0&#8243; _module_preset=&#8221;default&#8221; width=&#8221;100%&#8221; max_width=&#8221;1200px&#8221; custom_margin=&#8221;0px||27px||false|false&#8221; custom_padding=&#8221;0px|0px|0px|0px|false|false&#8221; global_colors_info=&#8221;{}&#8221;][et_pb_column type=&#8221;1_5&#8243; module_class=&#8221;cc-231-1&#8243; _builder_version=&#8221;4.21.0&#8243; _module_preset=&#8221;default&#8221; border_color_all=&#8221;#efbd6f&#8221; border_color_top=&#8221;#d397bb&#8221; global_colors_info=&#8221;{}&#8221;][et_pb_code disabled_on=&#8221;off|off|off&#8221; admin_label=&#8221;Gelatina Colorata&#8221; _builder_version=&#8221;4.21.0&#8243; _module_preset=&#8221;default&#8221; background_color=&#8221;rgba(121,121,121,0.56)&#8221; width=&#8221;100%&#8221; width_tablet=&#8221;100%&#8221; width_phone=&#8221;100%&#8221; width_last_edited=&#8221;on|tablet&#8221; max_width=&#8221;100%&#8221; height=&#8221;394px&#8221; height_tablet=&#8221;200px&#8221; height_phone=&#8221;200px&#8221; height_last_edited=&#8221;on|tablet&#8221; global_colors_info=&#8221;{}&#8221;][\/et_pb_code][et_pb_text disabled_on=&#8221;off|off|off&#8221; admin_label=&#8221;Testo mini&#8221; _builder_version=&#8221;4.21.0&#8243; _module_preset=&#8221;default&#8221; text_font=&#8221;Roboto|500|||||||&#8221; text_text_color=&#8221;#FFFFFF&#8221; text_font_size=&#8221;11px&#8221; positioning=&#8221;absolute&#8221; vertical_offset=&#8221;17px&#8221; horizontal_offset=&#8221;60px&#8221; position_origin_a_last_edited=&#8221;off|desktop&#8221; position_origin_f_last_edited=&#8221;off|desktop&#8221; position_origin_r_last_edited=&#8221;off|desktop&#8221; width=&#8221;100%&#8221; text_font_last_edited=&#8221;off|desktop&#8221; positioning_last_edited=&#8221;off|desktop&#8221; global_colors_info=&#8221;{}&#8221;]<\/p>\n<p>colba way<\/p>\n<p>[\/et_pb_text][et_pb_text disabled_on=&#8221;off|off|off&#8221; admin_label=&#8221;Testo big&#8221; _builder_version=&#8221;4.21.0&#8243; _module_preset=&#8221;default&#8221; text_font=&#8221;Roboto|500|||||||&#8221; text_text_color=&#8221;#FFFFFF&#8221; text_font_size=&#8221;11px&#8221; header_font=&#8221;Roboto|100|||||||&#8221; header_text_color=&#8221;#FFFFFF&#8221; header_font_size=&#8221;36px&#8221; positioning=&#8221;absolute&#8221; vertical_offset=&#8221;42px&#8221; horizontal_offset=&#8221;60px&#8221; position_origin_a_last_edited=&#8221;off|desktop&#8221; position_origin_f_last_edited=&#8221;off|desktop&#8221; position_origin_r_last_edited=&#8221;off|desktop&#8221; width=&#8221;100%&#8221; text_font_last_edited=&#8221;off|desktop&#8221; positioning_last_edited=&#8221;off|desktop&#8221; global_colors_info=&#8221;{}&#8221;]<\/p>\n<h1>Funzionalit\u00e0<br \/>cookies<\/h1>\n<p>[\/et_pb_text][\/et_pb_column][et_pb_column type=&#8221;3_5&#8243; module_class=&#8221;cc-231-2&#8243; _builder_version=&#8221;4.21.0&#8243; _module_preset=&#8221;default&#8221; border_color_all=&#8221;#efbd6f&#8221; border_color_top=&#8221;#d397bb&#8221; global_colors_info=&#8221;{}&#8221;][et_pb_text admin_label=&#8221;Testo&#8221; _builder_version=&#8221;4.21.0&#8243; _module_preset=&#8221;default&#8221; text_font=&#8221;Roboto|300|||||||&#8221; text_line_height=&#8221;17px&#8221; vertical_offset=&#8221;24px&#8221; width=&#8221;100%&#8221; custom_margin=&#8221;0px|0px|0px|0px|false|false&#8221; custom_margin_tablet=&#8221;0px|0px|0px|0px|false|false&#8221; custom_margin_phone=&#8221;0px|0px|0px|0px|false|false&#8221; custom_margin_last_edited=&#8221;on|desktop&#8221; custom_padding=&#8221;14px|20px||20px|false|false&#8221; custom_css_main_element=&#8221;hyphens: auto;&#8221; global_colors_info=&#8221;{}&#8221;]<\/p>\n<p>Informativa rilasciata in base a direttive del Garante della Privacy \u201cIndividuazione delle modalit\u00e0 semplificate per l\u2019informativa e l\u2019acquisizione del consenso per l\u2019uso dei cookie\u201d \u2013 8 maggio 2014 e nel rispetto dell\u2019art. 13 del Codice privacy (D.Lgs. n. 196\/2003)<\/p>\n<p><strong>Cosa sono i cookie?<\/strong><\/p>\n<p>I cookie sono stringhe di testo di piccola dimensione che un sito web puo\u2019 inviare, durante la navigazione, al dispositivo dell\u2019utente (sia esso un pc, uno smartphone, un notebook, un tablet; di norma sono conservati direttamente sul browser utilizzato per la navigazione). Lo stesso sito web che li ha trasmessi, poi, pu\u00f2 leggere e registrare i cookie che si trovano sul dispositivo per ottenere informazioni di vario tipo.<br \/>I cookie non possono causare danni al tuo computer, inoltre selezioniamo molto accuratamente tutti i fornitori di terze parti che possono impostare cookie per scopi di marketing.<\/p>\n<p><strong>Tipi di cookie:<\/strong><\/p>\n<p>Esistono due macro-categorie fondamentali, con caratteristiche diverse, sulla base delle finalit\u00e0 perseguite da chi li utilizza:<\/p>\n<p>\u2013 cookie TECNICI<br \/>\u2013 cookie di PROFILAZIONE<\/p>\n<p>I COOKIE TECNICI, possono essere distinti in:<br \/>\u2013 cookie di navigazione;<br \/>\u2013 cookie analytics;<br \/>\u2013 cookie di funzionalit\u00e0.<\/p>\n<p>Di seguito tutte le informazioni dettagliate:<\/p>\n<p>Cookie \u201cDi navigazione\u201d<br \/>Questi cookie sono necessari per permetterti di navigare all\u2019interno del sito ed usare le sue funzioni, come ad esempio di realizzare un acquisto o autenticarsi per accedere ad aree riservate.<\/p>\n<p>Cookie \u201cAnalitycs\u201d<br \/>Questi cookie collezionano informazioni circa le modalit\u00e0 con cui gli utenti usano il sito, per esempio quali sono le pagine maggiormente visitate, piuttosto che eventuali messaggi di errore che l\u2019utente riceve dalle pagine web durante la navigazione.<\/p>\n<p>Cookie \u201cDi Funzionalit\u00e0\u201d<br \/>Questi cookie permettono al sito di \u201cricordare\u201d le scelte da te effettuate (come la tua user name, la lingua, eventuali prodotti selezionati per l\u2019acquisto) al fine di migliorare il servizio reso allo stesso.<\/p>\n<p>I COOKIE di PROFILAZIONE sono volti a creare profili relativi all\u2019utente e vengono di norma utilizzati al fine di inviare messaggi pubblicitari in linea con le preferenze manifestate dallo stesso nell\u2019ambito della navigazione in rete.<\/p>\n<p>I cookie possono, ancora, essere classificati come:<\/p>\n<p>\u2013 cookie di sessione, i quali vengono cancellati immediatamente alla chiusura del browser di navigazione (ad esempio, Internet Explorer, Safari, Google Chrome, ecc.);<\/p>\n<p>\u2013 cookie persistenti, i quali \u2013 a differenza di quelli di sessione- rimangono all\u2019interno del browser per un determinato periodo di tempo. Sono utilizzati, ad esempio, per riconoscere il dispositivo che si collega al sito agevolando le operazioni di autenticazione dell\u2019utente;<\/p>\n<p>\u2013 cookie di prima parte, ossia cookie generati e gestiti direttamente dal soggetto gestore del sito web sul quale l\u2019utente sta navigando;<\/p>\n<p>\u2013 cookie di terza parte, i quali sono generati e gestiti da soggetti diversi dal gestore del sito web sul quale l\u2019utente sta navigando (in forza, di regola, di un contratto tra il titolare del sito web e la terza parte).<\/p>\n<p><strong>Quali cookie sono utilizzati su questo sito?<\/strong><\/p>\n<p>Su questo sito sono utilizzati cookie tecnici, finalizzati a garantire la corretta fruizione dei contenuti del sito e per permettere la navigazione<\/p>\n<p><strong>Impostazioni dei cookie<\/strong><\/p>\n<p>Puoi decidere di permettere o meno l\u2019impostazione dei cookie sul tuo computer, ma questo sito web funziona in modo ottimale con tutte le tipologie di cookie abilitate. Le impostazioni riguardanti i cookie possono essere controllate e modificate dalle \u201cPreferenze\u201d del browser.<\/p>\n<p>Se disattivi i cookie, questo potrebbe comportare la disabilitazione di alcune funzionalit\u00e0 del sito. Anche con tutti i cookie disabilitati, il tuo browser continuer\u00e0 a memorizzare una piccola quantit\u00e0 di informazioni. Queste informazioni sono necessarie per le funzionalit\u00e0 di base del sito.<\/p>\n<p>[\/et_pb_text][\/et_pb_column][et_pb_column type=&#8221;1_5&#8243; module_class=&#8221;cc-231-3&#8243; _builder_version=&#8221;4.21.0&#8243; _module_preset=&#8221;default&#8221; custom_padding=&#8221;0px|0px|0px|9px|false|false&#8221; global_colors_info=&#8221;{}&#8221;][et_pb_image src=&#8221;https:\/\/www.colba.it\/wp-content\/uploads\/2023\/07\/boxMini_5Impegni.jpg&#8221; title_text=&#8221;boxMini_5Impegni&#8221; url=&#8221;@ET-DC@eyJkeW5hbWljIjp0cnVlLCJjb250ZW50IjoicG9zdF9saW5rX3VybF9wYWdlIiwic2V0dGluZ3MiOnsicG9zdF9pZCI6IjEwNDUifX0=@&#8221; show_bottom_space=&#8221;off&#8221; disabled_on=&#8221;on|on|off&#8221; admin_label=&#8221;5 Impegni&#8221; _builder_version=&#8221;4.21.0&#8243; _dynamic_attributes=&#8221;url&#8221; _module_preset=&#8221;default&#8221; positioning=&#8221;absolute&#8221; position_origin_a=&#8221;top_right&#8221; horizontal_offset=&#8221;0px&#8221; width=&#8221;100%&#8221; custom_margin=&#8221;0px|0px|9px|0px|false|false&#8221; custom_padding=&#8221;0px|0px|0px|0px|false|false&#8221; global_colors_info=&#8221;{}&#8221;][\/et_pb_image][et_pb_image src=&#8221;https:\/\/www.colba.it\/wp-content\/uploads\/2023\/07\/boxMini_SistemaTrasparente.jpg&#8221; title_text=&#8221;boxMini_SistemaTrasparente&#8221; url=&#8221;@ET-DC@eyJkeW5hbWljIjp0cnVlLCJjb250ZW50IjoicG9zdF9saW5rX3VybF9wYWdlIiwic2V0dGluZ3MiOnsicG9zdF9pZCI6IjEwNTUifX0=@&#8221; show_bottom_space=&#8221;off&#8221; disabled_on=&#8221;on|on|off&#8221; admin_label=&#8221;Sistema trasparente&#8221; _builder_version=&#8221;4.21.0&#8243; _dynamic_attributes=&#8221;url&#8221; _module_preset=&#8221;default&#8221; positioning=&#8221;absolute&#8221; vertical_offset=&#8221;201px&#8221; horizontal_offset=&#8221;0px&#8221; width=&#8221;100%&#8221; custom_margin=&#8221;0px|0px|9px|0px|false|false&#8221; custom_padding=&#8221;0px|0px|0px|0px|false|false&#8221; global_colors_info=&#8221;{}&#8221;][\/et_pb_image][\/et_pb_column][\/et_pb_row][\/et_pb_section]<\/p>\n","protected":false},"excerpt":{"rendered":"<p>colba wayFunzionalit\u00e0cookiesInformativa rilasciata in base a direttive del Garante della Privacy \u201cIndividuazione delle modalit\u00e0 semplificate per l\u2019informativa e l\u2019acquisizione del consenso per l\u2019uso dei cookie\u201d \u2013 8 maggio 2014 e nel rispetto dell\u2019art. 13 del Codice privacy (D.Lgs. n. 196\/2003) Cosa sono i cookie? I cookie sono stringhe di testo di piccola dimensione che un [&hellip;]<\/p>\n","protected":false},"author":1,"featured_media":0,"parent":0,"menu_order":0,"comment_status":"closed","ping_status":"closed","template":"","meta":{"_et_pb_use_builder":"on","_et_pb_old_content":"","_et_gb_content_width":"","footnotes":""},"class_list":["post-2249","page","type-page","status-publish","hentry"],"_links":{"self":[{"href":"https:\/\/www.colba.it\/index.php\/wp-json\/wp\/v2\/pages\/2249","targetHints":{"allow":["GET"]}}],"collection":[{"href":"https:\/\/www.colba.it\/index.php\/wp-json\/wp\/v2\/pages"}],"about":[{"href":"https:\/\/www.colba.it\/index.php\/wp-json\/wp\/v2\/types\/page"}],"author":[{"embeddable":true,"href":"https:\/\/www.colba.it\/index.php\/wp-json\/wp\/v2\/users\/1"}],"replies":[{"embeddable":true,"href":"https:\/\/www.colba.it\/index.php\/wp-json\/wp\/v2\/comments?post=2249"}],"version-history":[{"count":7,"href":"https:\/\/www.colba.it\/index.php\/wp-json\/wp\/v2\/pages\/2249\/revisions"}],"predecessor-version":[{"id":2263,"href":"https:\/\/www.colba.it\/index.php\/wp-json\/wp\/v2\/pages\/2249\/revisions\/2263"}],"wp:attachment":[{"href":"https:\/\/www.colba.it\/index.php\/wp-json\/wp\/v2\/media?parent=2249"}],"curies":[{"name":"wp","href":"https:\/\/api.w.org\/{rel}","templated":true}]}}